-5*a(k) - 6*y(k). Let w be (6 - -1)/(0 + -1). Let g = w - -14. Give p(g).
-3
Let r = -336 - -334. Let t(p) = p**2 + 3*p + 2. What is t(r)?
0
Suppose -21*d = 117 - 222. Let w(k) = -k**3 + 4*k**2 + 10*k - 4. Determine w(d).
21
Let y be 18/42 + (-1164)/21. Let g be (-45)/y - 8/(-44). Let h(z) = z + 4*z - 2*z - 2*z + g. Calculate h(4).
5
Let m(k) be the second derivative of -k**3/2 - k**2 + 11*k - 3. Let r be (-1)/(3/(-2))*-3. Let v be m(r). Let s(p) = -p**2 + 6*p - 2. Calculate s(v).
6
Let i(d) = -d**2 + 3*d - 4. Suppose 0 = -4*s - 3*a + 2*a - 16, 0 = 5*s + a + 19. Let v(f) = f + 7. Let n be v(s). Give i(n).
-8
Let u(v) be the third derivative of -v**6/120 + v**4/12 + 7*v**3/6 + v**2 - 98. Determine u(0).
7
Suppose -3*o + 61 = -206. Let t = 61 - o. Let b = t - -34. Let w(s) = -s**2 + 9*s - 9. What is w(b)?
9
Let d be 5 - (0/2 - -1). Let t(z) = 2 - d*z + 5*z + 3*z. Suppose -33*g - 2 = -31*g + 2*y, 2*y = -g. What is t(g)?
-6
Suppose -29 = -2*b - 11. Let n = 10 - b. Let c(j) = -5*j + 4 - 3*j + 4*j - 5. Calculate c(n).
-5
Let m(a) be the third derivative of -a**4/12 - a**3/2 - 8*a**2. Let y = -34 + 28. Give m(y).
9
Suppose -w = 3*w - 8. Suppose 4*q - 10 = -w. Let d(y) = -2*y**2 + 2*y + 2. Give d(q).
-2
Let w(g) = -g**3 - 8*g**2 - g - 6. Let o be w(-8). Let m be 1/1 + o - -2. Suppose f + m = -0*f. Let u(z) = 3*z + 5. Calculate u(f).
-10
Let f(a) = 1 + 6 - 2 - a**2 - 6 + 7*a - 1. What is f(7)?
-2
Let i(s) = -s**2 - 9*s - 10. Let a(m) = -12 - 3*m - m + 6*m - 3. Let l be a(0). Let y = 8 + l. What is i(y)?
4
Let j(t) = -83 + 31 - 3*t - t**3 + 44 - 6*t**2. Suppose 4*w + 6 + 18 = 0. Determine j(w).
10
Let c(p) = -p**3 - 5*p**2 - 3*p + 4. Let s be c(-4). Suppose 2*u + 0 + 2 = s. Let a(r) = 5*r + 25. Let l(q) = 1. Let t(i) = -a(i) + 25*l(i). Determine t(u).
5
Let t(q) = 31*q - 47. Let y be t(2). Let z(b) = -b + 23. What is z(y)?
8
Suppose -2*p - 17 = -3*b, 3*b - 8*b - 5*p = -45. Let w(c) be the second derivative of 3*c**2 + 3*c - 1/20*c**5 - 4/3*c**3 - 3 + 2/3*c**4. What is w(b)?
-1
Let j(o) be the third derivative of o**6/120 - o**5/60 - o**4/24 - 7*o**3/6 - 2*o**2 + 365*o. Calculate j(3).
8
Let f(k) = 2*k**3 + k**2 + 2*k + 3. Suppose 3*a + 16 = a. Let o = a + 6. Determine f(o).
-13
Let m(q) = 16*q**2 + 10*q + 6. Let n(x) = -7*x**2 - 5*x - 3. Let j(t) = 3*m(t) + 7*n(t). Give j(-3).
3
Let x be (8 + -6)*(-1)/(-4)*-22. Let j(t) = -t**3 - 10*t**2 + 9*t - 21. Give j(x).
1
Let f(c) = -c + 0 - 5 - 1 - 2 - 6. Calculate f(6).
-20
Let g(v) = -v + 1. Let l(y) = -1. Let i(q) = -g(q) - 3*l(q). Let t(x) = 2*x**2 + 31*x - 182. Let n be t(-20). Give i(n).
0
Suppose 2*f - 28 = -6. Let i = -9 + f. Let q(y) = -2*y**2 - 4 + y + 4. Give q(i).
-6
Suppose -2*a = -a - 7. Let u(i) = a + 1 - 6 + i. Suppose -49*k = -79 - 68. Give u(k).
5
Let w = 86 + -79. Let h(c) = -2*c + 8. Determine h(w).
-6
Let d(o) be the second derivative of o**5/20 + o**4/6 - 2*o**3/3 - o**2/2 + 4*o + 9. Suppose 2*j + 5 = -3, 0 = 5*h - 3*j + 3. Determine d(h).
2
Let n(k) be the third derivative of -k**4/24 - k**3/2 + 3*k**2 - 41*k. Suppose 3*t + 4 + 13 = 2*y, 25 = -4*t + 5*y. What is n(t)?
2
Let y(b) = 4*b - 10. Let r(o) = -1. Let q(i) = -5*r(i) + y(i). What is q(10)?
35
Let c(t) = -t**3 - 5*t**2 - 4*t - 1. Let x be c(-3). Let i = x + 11. Suppose 0 = -3*k + 2*k - i. Let r(d) = 2*d**2 + 6*d. Calculate r(k).
8
Let p(l) = -l**2 - 12*l - 10. Suppose -265 = 31*j - 17. Calculate p(j).
22
Let p(i) = -i**2 + 8*i - 9. Let s be p(7). Let a(b) be the second derivative of -b**3/6 - 40*b + 2. Give a(s).
2
Let d = 200 + -195. Let r(f) = f**3 - 5*f**2 - 5. Determine r(d).
-5
Let b(k) = -k**3 + k**2 - 2*k. Let g(l) = 4*l - 21. Let c(p) = 1. Let a(x) = -5*c(x) + g(x). Let y be a(6). Calculate b(y).
16
Let x(r) = r**2 + r - 1. Let q be x(2). Let z(j) = j**3 - 5*j**2 + 3*j - 7. Let w(a) = a**3 - 5*a**2 + 3*a - 6. Let l(y) = 4*w(y) - 3*z(y). Calculate l(q).
12
Suppose w + 13 = 2*n, -3*n + 26 = 3*w + 2*w. Let g(d) = -d + 16. Determine g(n).
9
Let m(u) = -u. Suppose -7*h + 5*a = -4*h, 0 = -4*a. Give m(h).
0
Let i(x) = x**2 - 17 + 3570*x - 3570*x. Calculate i(0).
-17
Let p(l) = 12 + 27 - 37 + l. Give p(-7).
-5
Let t(s) = s**3 - s**2 - 2*s - 1. Let i(d) = -4*d**3 + 7*d**2 + 10*d + 2. Let q(k) = -i(k) - 6*t(k). Give q(-2).
12
Let c(l) = l. Let g(v) = -2*v - 2. Let u(h) = -c(h) + g(h). Suppose 70*x = 73*x + 366. Let y = x - -119. Give u(y).
7
Let y(p) = -p**2 + 3*p + 2. Let n(j) = -j**2 + 18*j - 60. Let b be n(5). Calculate y(b).
-8
Suppose 0*r - 5*r = 40. Let p be (4 + 0)*12/r. Let c(z) be the first derivative of z**3/3 + 7*z**2/2 + 2*z - 29. Determine c(p).
-4
Let q(b) = -b**2 - 10*b - 10. Let g be 167/3 + (-4)/(-12) + 2. Let w = g - 67. What is q(w)?
-1
Suppose 8*k + 309 - 285 = 0. Let j(b) = -b**3 - 6*b**2 - 6*b + 2. What is j(k)?
-7
Let n(i) = -i**3 + 7*i**2 - 5*i - 13. Suppose 9 + 15 = 4*h. Give n(h).
-7
Let m be (0 - 4/1)/(1 + -3). Let f(y) = 1075 + m*y - 1075. What is f(-2)?
-4
Let j be -10*12/(-8) + (0 - 3). Suppose a + 6*x = x - 29, -2*a + 4*x + j = 0. Let s(t) = -t**3 - 3*t**2 + 2*t - 5. Calculate s(a).
3
Let h(z) = -2*z - 2. Let a be 528/(-253) - 2/(-23). Give h(a).
2
Let u(v) be the third derivative of v**5/60 - 3*v**4/8 + 17*v**3/6 - 4*v**2. Calculate u(8).
9
Let h = 457 - 459. Let a(j) = -j**2 - 3*j - 3. What is a(h)?
-1
Let y(m) = -m**2 - m - 2. Let w(a) = -a**2 - 2*a - 3. Let z = -65 - -70. Let i(u) = z*y(u) - 6*w(u). Give i(-6).
2
Let z(g) = 2*g**2 - 3*g. Let n be (-5)/((-9)/81*15). Give z(n).
9
Let p(z) = -6*z**2 - 13*z - 2. Let d(j) = -7*j**2 - 14*j - 3. Let n(u) = 5*d(u) - 6*p(u). Calculate n(-6).
-15
Suppose 8*s - 16 = 24. Let h(j) = 2*j + 3. Determine h(s).
13
Let q(t) = 34*t + 277. Let z be q(-8). Let s(w) be the second derivative of -1/10*w**z + 12*w - 1/3*w**4 - w**2 - 2/3*w**3 + 0. Give s(-2).
6
Let j(q) = -q - 11. Suppose 2*b - 4*b - 42 = 0. Let n = b - -9. Let p = n + 6. Give j(p).
-5
Let z(o) = o + 4. Suppose 3*s + 2*p = 17, 5*s - p - 3*p - 21 = 0. What is z(s)?
9
Let k(u) = -u**3 + 8*u**2 - 5. Suppose 0 = 4*b + f - 27, 4*b + 0*f = 3*f + 47. Give k(b).
-5
Let f(y) = -6250 + 0*y - 2*y**3 - 2*y - 2*y + 6246 - 4*y**2. Calculate f(-2).
4
Let f(a) = a**3 + 6*a**2 + a + 6. Suppose -5*d + 5 = -c, -7*c + 4*c = -d + 15. What is f(c)?
26
Suppose -4*q + 30 = -2*i + q, 60 = -4*i - 2*q. Let n(k) = k**3 + 16*k**2 + 16*k + 15. Calculate n(i).
0
Let z(t) = 124*t - 61*t - 1 - 65*t. Let a be 2/9 + (-43)/(-9). Suppose -a*g - 7 - 18 = 4*b, 0 = 3*b. Give z(g).
9
Let l(a) = a**3 + 7*a**2 + 10*a + 8. Let w = -138 + 93. Let h = 39 + w. Give l(h).
-16
Let r(p) be the second derivative of p**4/8 - p**3/2 - p**2 - 5*p. Let x(b) be the first derivative of r(b). Determine x(5).
12
Let w(o) = -3*o - 4. Let l(m) = -5*m - 6. Let y(i) = -l(i) + 2*w(i). Determine y(1).
-3
Let t(b) be the second derivative of -b**3/3 + 5*b**2/2 + 187*b. What is t(7)?
-9
Suppose 5*n = 3*b + 34, 2*b + 6 = 2*n - 10. Let v(j) = j**3 - 6*j**2 + 3*j + 16. Determine v(n).
6
Let l(p) be the first derivative of p**4/4 - 2*p**3 - 5*p**2/2 - 8*p - 119. What is l(7)?
6
Let x(b) = -4*b - 59. Let i(d) = -d - 15. Let n(f) = 9*i(f) - 2*x(f). What is n(13)?
-30
Let p = 11 - 8. Let l = -1 + p. Suppose 4 = l*f - 4. Let t(y) = 2*y - 2. Determine t(f).
6
Let g(l) = -75*l - 8. Let u(x) = -14*x - 1. Let t(o) = -g(o) + 5*u(o). Give t(2).
13
Let k be -3 - (0 - -2)/(-2). Let d(g) = -g**2 - g - 1. Let p(f) = f**2 + 3. Suppose 5*c - 2*c = 6. Let a(o) = c*d(o) + p(o). What is a(k)?
1
Let y(j) = 3*j**3 + j**2 - 3*j + 11. Let p(l) = -l**3 + l - 1. Let u(z) = 4*p(z) + y(z). Give u(0).
7
Let k(u) = u**2 + 7*u + u**2 + 2 - 6*u - 4*u. Determine k(1).
1
Let s(j) = -2*j + 1. Suppose -29 = -5*w + 11. Let f(y) = -3*y + 25. Let d be f(w). What is s(d)?
-1
Let t(x) = x**3 + 11*x**2 + 10*x + 4. Suppose 12*d + 40 = 8*d. Determine t(d).
4
Let d(x) = x**3 + 7*x**2 - 5*x + 8. Let s(z) = 1. Let h(r) = -d(r) + 4*s(r). Calculate h(-8).
20
Let j(u) = -u**3 + 12*u**2 + 9*u + 1. Let v(m) = 2*m**3 - 14*m**2 - 9*m - 1. Let z(h) = 3*j(h) + 2*v(h). Calculate z(-7).
-13
Let t(s) = -4*s**3 + s + 1. Let f be 15/20*-6*8/(-12). Let i be ((2 + -1)/f)/((-20)/60). What is t(i)?
4
Let u(m) = -5*m**3 - 7*m + 3. Let p(x) = 15*x**3 + 23*x - 10. Let i(c) = -3*p(c) - 10*u(c). Suppose 4*s = -5*o + 2*o - 13, -2 = -4*s + 2*o